-21698 + 1c?
-21679
In base 3, what is -12110111102112 - -100?
-12110111102012
In base 16, what is f62 - ba81?
-ab1f
In base 10, what is 5348 - 2311?
3037
In base 7, what is 364224 - -2045?
366302
In base 9, what is -1 + 23135607?
23135606
In base 10, what is -37426 + -4104?
-41530
In base 6, what is 1500 - -23402234?
23404134
In base 16, what is 2a26 + a3e?
3464
In base 12, what is -3564580 - -2a?
-3564552
In base 15, what is -5b - 810e?
-816a
In base 15, what is -d2 + d03bc?
d02da
In base 12, what is 69 + b36356?
b36403
In base 15, what is -22 + -115893?
-1158b5
In base 10, what is -31 - 591285?
-591316
In base 13, what is -a037 + -162?
-a199
In base 10, what is -213 - 1115?
-1328
In base 12, what is b36 + 25425?
2635b
In base 16, what is -2ca2 - -7dd?
-24c5
In base 6, what is 121 - 13032212?
-13032051
In base 8, what is -2 - -5702106?
5702104
In base 2, what is 11000100100001100 + -1100010?
11000100010101010
In base 13, what is -78 - 1a423?
-1a49b
In base 12, what is -7aa - 37a61?
-3864b
In base 3, what is 10210110101111 + 0?
10210110101111
In base 12, what is 1491 + -4805?
-3334
In base 7, what is 1462 - -446?
2241
In base 12, what is -a496 - -5910?
-4786
In base 6, what is -3 + -534410043?
-534410050
In base 4, what is -32123 - -30212011?
30113222
In base 10, what is 741 - 606888?
-606147
In base 12, what is -7142 + -231?
-7373
In base 2, what is -110011111010010111100010 - -100?
-110011111010010111011110
In base 16, what is 35 + 71ed?
7222
In base 7, what is -3012624 + 240?
-3012354
In base 3, what is 202210000 + 122020101?
1102000101
In base 9, what is -244224 + 2427?
-241686
In base 16, what is -8 + 118f79?
118f71
In base 4, what is -1023103232 + 1103?
-1023102123
In base 3, what is 122211102011 - 1100021?
122210001220
In base 8, what is -556 - 36066?
-36644
In base 9, what is 34021 + 711?
34732
In base 9, what is 232130 - 551?
231468
In base 8, what is -144 - 3772634?
-3773000
In base 7, what is 10645046 - -5?
10645054
In base 11, what is -637 - -57129?
565a2
In base 7, what is -32462 + 255261?
222466
In base 2, what is -10110101111011000000111000 - 1100?
-10110101111011000001000100
In base 4, what is -22221211 + 2333003?
-13222202
In base 11, what is -423a4 + 31?
-42373
In base 5, what is -11241432344 + 141?
-11241432203
In base 14, what is 888739 + 2?
88873b
In base 14, what is -53a0 - 1319?
-66b9
In base 15, what is 23c9 + 54?
242d
In base 15, what is -1ccd3c - 116?
-1cce53
In base 16, what is -2c816ae7 - -1?
-2c816ae6
In base 16, what is -72e + -c11e8?
-c1916
In base 6, what is 1123134 + 11023?
1134201
In base 13, what is 9033ca + -19?
9033b1
In base 7, what is -10300 - -103430?
63130
In base 12, what is 128bb34 + 1?
128bb35
In base 10, what is 6 - -11668061?
11668067
In base 13, what is -3 - 2c74025?
-2c74028
In base 14, what is 18a - 3927b?
-390d1
In base 6, what is 4051255101 + -3?
4051255054
In base 2, what is -110010010100101100 + 11010?
-110010010100010010
In base 14, what is 41 + -993d?
-98dc
In base 15, what is -4 + -48a7879?
-48a787d
In base 9, what is 178 + 17077?
17266
In base 3, what is 1 + -110012000222121?
-110012000222120
In base 9, what is 1648 + -145235?
-143476
In base 8, what is -3 + -4626502?
-4626505
In base 14, what is 43a699 - b?
43a68c
In base 5, what is -13432 - 222323?
-241310
In base 13, what is 87951724 - -1?
87951725
In base 13, what is 960 + 6136?
6a96
In base 16, what is 4f - 23442f?
-2343e0
In base 16, what is 10 + -4517bff?
-4517bef
In base 16, what is -8b7a0 + -8?
-8b7a8
In base 13, what is -36b57c + b4?
-36b498
In base 10, what is -2 - -12795276?
12795274
In base 7, what is -512 - -6653021?
6652206
In base 6, what is 13335 + -4543?
4352
In base 13, what is -6825 + -741?
-7266
In base 13, what is -2a6964 - 15?
-2a6979
In base 6, what is 4 - -3315153045?
3315153053
In base 6, what is 2024504344 + -5?
2024504335
In base 2, what is 10011001000000101010000111 + 100?
10011001000000101010001011
In base 6, what is -31403000510 - -2?
-31403000504
In base 5, what is 111 - -3232443012?
3232443123
In base 12, what is 179 - -5075?
5232
In base 13, what is -3 - ab74b36?
-ab74b39
In base 12, what is 3 - -56413491?
56413494
In base 8, what is 31233 + -507?
30524
In base 5, what is 12013 + -40112?
-23044
In base 5, what is 3301101 - -134211?
3440312
In base 10, what is -7477394 + -4?
-7477398
In base 3, what is 11020102 + -102112011?
-21021202
In base 12, what is 11b57 - 19545?
-75aa
In base 13, what is 11 - -5a63c?
5a650
In base 7, what is 55501326 - 3?
55501323
In base 16, what is 2 - -1335ded?
1335def
In base 11, what is 1 - 1a74067a?
-1a740679
In base 11, what is 14a13235 - 4?
14a13231
In base 5, what is 224031102120 - 2?
224031102113
In base 8, what is 12415102 + 0?
12415102
In base 5, what is -1444310 + -21102?
-2020412
In base 11, what is -30727738 - -4?
-30727734
In base 12, what is 83 + -111683?
-111600
In base 2, what is 1 - 1001111011011111001100?
-1001111011011111001011
In base 6, what is -104011 - 3241?
-111252
In base 16, what is -3 - -9f0de6?
9f0de3
In base 15, what is 13a98 + -d17?
12c81
In base 6, what is 355445 - 35143?
320302
In base 7, what is -1520 - -116033?
114213
In base 16, what is 39111d + -5?
391118
In base 6, what is 450553243 - -5?
450553252
In base 4, what is 211132310131 - -20?
211132310211
In base 13, what is 20a68 - -15ac?
22347
In base 5, what is 11022303 + -32414?
10434334
In base 5, what is 4213143131 + -203?
4213142423
In base 11, what is 5158467 - -63?
515851a
In base 10, what is 62433605 + -4?
62433601
In base 13, what is 396326 - -5?
39632b
In base 14, what is 7219512 + -2?
7219510
In base 13, what is 0 - -130b2a6?
130b2a6
In base 6, what is 13052551 - -153?
13053144
In base 13, what is -c145001 + -3?
-c145004
In base 13, what is 13c5 + -830b?
-6c16
In base 2, what is -1000010101001100111101 + -11?
-1000010101001101000000
In base 14, what is 4 + -2777ac06?
-2777ac02
In base 8, what is 36 - 12074450?
-12074412
In base 15, what is -588e4 - -1755?
-5718e
In base 6, what is -14253144425 - -4?
-14253144421
In base 15, what is -27743c + 0?
-27743c
In base 13, what is -2932402 + -2?
-2932404
In base 7, what is 6 + -2425541314?
-2425541305
In base 9, what is -34253 - 1047?
-35311
In base 2, what is -11000101010 + 100111110101011110?
100111011100110100
In base 2, what is -100111001100110001111 - 11010000?
-100111001101001011111
In base 9, what is -33 + -731825?
-731858
In base 14, what is -7a1 - 1052c?
-10ccd
In base 2, what is -10110001001111 + 100100010011101?
1110001001110
In base 7, what is 2433204 + -1645?
2431226
In base 13, what is -15b + -ca3c?
-cb9a
In base 16, what is 1 - 2101387?
-2101386
In base 13, what is -12b896 - 65?
-12b92b
In base 5, what is -3010212 + 234113?
-2221044
In base 16, what is -1068 - c5?
-112d
In base 11, what is 2 + 1175906?
1175908
In base 12, what is -b0 + -291b?
-2a0b
In base 13, what is -206b3514 + -4?
-206b3518
In base 8, what is -4722056404 + -5?
-4722056411
In base 6, what is -1 + 300320540?
300320535
In base 2, what is -1 + -1000010100011011111110010111?
-1000010100011011111110011000
In base 8, what is 1157 + -3616?
-2437
In base 13, what is ac0749 - -c0?
ac0839
In base 8, what is 5 + -3177077?
-3177072
In base 2, what is -101 + -11101100001010001011011101?
-11101100001010001011100010
In base 14, what is 84cdc4d + 2?
84cdc51
In base 2, what is 1100111000011111011010 - -1000010?
1100111000100000011100
In base 6, what is -1014153 + 2420?
-1011333
In base 5, what is 130243130001 - -2?
130243130003
In base 8, what is 351 - -574421?
574772
In base 14, what is 6a03334 - a?
6a03328
In base 8, what is 1 + 6456502?
6456503
In base 16, what is 2 + -a6672ae?
-a6672ac
In base 7, what is -4261203603 - -2?
-4261203601
In base 14, what is 2 - -468843?
468845
In base 2, what is -1111101001111011 - -1111?
-1111101001101100
In base 8, what is 0 - 540662227?
-540662227
In base 7, what is 5541225350 + 3?
5541225353
In base 11, what is -5a51474 - -9?
-5a51466
In base 10, what is -343432 - 65?
-343497
In base 13, what is 143 + 172c0?
17433
In base 11, what is 4993635 - -3?
4993638
In base 6, what is 44451 + 222?
45113
In base 9, what is -224 + 2210705?
2210471
In base 11, what is -626314 - -2?
-626312
In base 6, what is -214411514 + 1?
-214411513
In base 7, wh